{"id":86,"date":"2018-10-09T09:14:55","date_gmt":"2018-10-09T09:14:55","guid":{"rendered":"http:\/\/artroskopiawet.com\/index.php\/home\/"},"modified":"2020-12-06T22:55:19","modified_gmt":"2020-12-06T21:55:19","slug":"home","status":"publish","type":"page","link":"https:\/\/artroskopiawet.com\/","title":{"rendered":"Home"},"content":{"rendered":"\n<h5>\n\t\t\t\t\t&#8220;Im mniej b\u00f3lu, tym szcz\u0119\u015bliwsze nasze dni&#8221;\n\t\t\t\t<\/h5>\n\t<h1>\n\t\t\t\t\tArtorskopia weterynaryjna\n\t\t\t\t<\/h1>\n\t<p>Ma\u0142oinwazyjne techniki operacji schorze\u0144 staw\u00f3w u zwierz\u0105t to du\u017co mniej cierpienia, kr\u00f3tszy czas rehabilitacji oraz pe\u0142na diagnostyka schorzenia.<\/p>\n<p>To co do tej pory by\u0142o zarezerwowane tylko dla cz\u0142owieka, teraz mo\u017cliwe jest u twojego pupila<\/p>\n\t<h3>\n\t\t\t\t\t+48 600 077 788\n\t\t\t\t<\/h3>\n\t<h5>\n\t\t\t\t\tWieloletnie do\u015bwiadczenie\n\t\t\t\t<\/h5>\n\t<h2>\n\t\t\t\t\tlek.wet. Micha\u0142 nowicki\n\t\t\t\t<\/h2>\n\t<h4>\n\t\t\t\t\tPoznaj mnie\n\t\t\t\t<\/h4>\n\t\t\t<p>da da da<\/p>\t\t\n\t\t\t<a href=\"#\" target=\"_self\" role=\"button\" rel=\"noopener noreferrer\">\n\t\t\t\t\t\tRead More\n\t\t<\/a>\n\t<h4>\n\t\t\t\t\tna czym pracuj\u0119\n\t\t\t\t<\/h4>\n\t\t\t<p>artrex conmed<\/p>\t\t\n\t\t\t<a href=\"#\" target=\"_self\" role=\"button\" rel=\"noopener noreferrer\">\n\t\t\t\t\t\tRead More\n\t\t<\/a>\n\t<h4>\n\t\t\t\t\tGdzie si\u0119 uczy\u0142em\n\t\t\t\t<\/h4>\n\t\t\t<p>Click edit button to change this text. Lorem ipsum dolor sit amet, elit. Ut elit tellus, nec ullamcorper.<\/p>\t\t\n\t\t\t<a href=\"#\" target=\"_self\" role=\"button\" rel=\"noopener noreferrer\">\n\t\t\t\t\t\tRead More\n\t\t<\/a>\n\t<h5>\n\t\t\t\t\tWelcome\n\t\t\t\t<\/h5>\n\t<h2>\n\t\t\t\t\tArtroskopia stawu \u0142okciowego\n\t\t\t\t<\/h2>\n\t\t\t<p>Artroskopia stawu \u0142okciowego to na chwil\u0119 obecn\u0105 uwa\u017cana za najszybsz\u0105 i najbardziej skuteczn\u0105 metod\u0119 w leczeniu tego schorzenia. Pacjenci z defragmentacj\u0105 wyrostk\u00f3w dziobatych&nbsp; czy dodatkowych mog\u0105 u\u017cywa\u0107 ko\u0144czyny operowanej od razu po zabiegu, bez noszenia uci\u0105\u017cliwych opatrunk\u00f3w.&nbsp;<\/p>\t\t\n\t<h5>\n\t\t\t\t\tThis is Why\n\t\t\t\t<\/h5>\n\t<h2>\n\t\t\t\t\tArtroskopia stawu ramiennego \n\t\t\t\t<\/h2>\n\t<h4>\n\t\t\t\t\tQuality Services\n\t\t\t\t<\/h4>\n\t\t\t<p>Click edit button to change this text. Lorem ipsum dolor sit amet, auctor aliquet aenean sollicitudin. Ut elit tellus, luctus nec ullamcorper quis amet nisi.<\/p>\t\t\n\t<h4>\n\t\t\t\t\tCertified Experts\n\t\t\t\t<\/h4>\n\t\t\t<p>Click edit button to change this text. Lorem ipsum dolor sit amet, auctor aliquet aenean sollicitudin. Ut elit tellus, luctus nec ullamcorper quis amet nisi.<\/p>\t\t\n\t<h4>\n\t\t\t\t\tAffordable Pricing\n\t\t\t\t<\/h4>\n\t\t\t<p>Click edit button to change this text. Lorem ipsum dolor sit amet, auctor aliquet aenean sollicitudin. Ut elit tellus, luctus nec ullamcorper quis amet nisi.<\/p>\t\t\n\t<h5>\n\t\t\t\t\tWelcome\n\t\t\t\t<\/h5>\n\t<h2>\n\t\t\t\t\tArtroskopia stawu kolanowego\n\t\t\t\t<\/h2>\n\t\t\t<p>Artroskopia stawu \u0142okciowego to na chwil\u0119 obecn\u0105 uwa\u017cana za najszybsz\u0105 i najbardziej skuteczn\u0105 metod\u0119 w leczeniu tego schorzenia. Pacjenci z defragmentacj\u0105 wyrostk\u00f3w dziobatych&nbsp; czy dodatkowych mog\u0105 u\u017cywa\u0107 ko\u0144czyny operowanej od razu po zabiegu, bez noszenia uci\u0105\u017cliwych opatrunk\u00f3w.&nbsp;<\/p>\t\t\n\t\t\t<a href=\"#\" target=\"_self\" role=\"button\" rel=\"noopener noreferrer\">\n\t\t\t\t\t\tRead More\n\t\t<\/a>\n\t<h5>\n\t\t\t\t\tThis is Why\n\t\t\t\t<\/h5>\n\t<h2>\n\t\t\t\t\tArtroskopia stawu biodrowego\n\t\t\t\t<\/h2>\n\t<h4>\n\t\t\t\t\tQuality Services\n\t\t\t\t<\/h4>\n\t\t\t<p>Click edit button to change this text. Lorem ipsum dolor sit amet, auctor aliquet aenean sollicitudin. Ut elit tellus, luctus nec ullamcorper quis amet nisi.<\/p>\t\t\n\t<h4>\n\t\t\t\t\tCertified Experts\n\t\t\t\t<\/h4>\n\t\t\t<p>Click edit button to change this text. Lorem ipsum dolor sit amet, auctor aliquet aenean sollicitudin. Ut elit tellus, luctus nec ullamcorper quis amet nisi.<\/p>\t\t\n\t<h4>\n\t\t\t\t\tAffordable Pricing\n\t\t\t\t<\/h4>\n\t\t\t<p>Click edit button to change this text. Lorem ipsum dolor sit amet, auctor aliquet aenean sollicitudin. Ut elit tellus, luctus nec ullamcorper quis amet nisi.<\/p>\t\t\n\t<h5>\n\t\t\t\t\tsekcja pacjent\u00f3w?? i rekomendacji?\n\t\t\t\t<\/h5>\n\t<h2>\n\t\t\t\t\tRecent Projects\n\t\t\t\t<\/h2>\n\t\t\t\t<img decoding=\"async\" src=\"http:\/\/artroskopiawet.com\/wp-content\/uploads\/2020\/01\/projects-04.jpg\" alt=\"projects-04\" itemprop=\"image\">\n\t\t\t\t<img decoding=\"async\" src=\"http:\/\/artroskopiawet.com\/wp-content\/uploads\/2020\/01\/projects-03.jpg\" alt=\"projects-03\" itemprop=\"image\">\n\t\t\t\t<img decoding=\"async\" src=\"http:\/\/artroskopiawet.com\/wp-content\/uploads\/2020\/01\/projects-02.jpg\" alt=\"projects-02\" itemprop=\"image\">\n\t\t\t<a href=\"#\" target=\"_self\" role=\"button\" rel=\"noopener noreferrer\">\n\t\t\t\t\t\tView All Project\n\t\t<\/a>\n\t<h2>\n\t\t\t\t\tGet A Free Estimate\n\t\t\t\t<\/h2>\n\t<p>Click edit button to change this text. Lorem ipsum dolor sit amet, consectetur adipiscing elit. Ut elit tellus, luctus nec ullamcorper mattis, pulvinar dapibus leo.<\/p>\n\t\t\t<a href=\"#\" target=\"_self\" role=\"button\" rel=\"noopener noreferrer\">\n\t\t\t\t\t\tContact Us\n\t\t<\/a>\n\t<h6>\n\t\t\t\t\tOr Give Us A Call At\n\t\t\t\t<\/h6>\n\t<h3>\n\t\t\t\t\t+1 910-626-85255\n\t\t\t\t<\/h3>\n","protected":false},"excerpt":{"rendered":"<p>&#8220;Im mniej b\u00f3lu, tym szcz\u0119\u015bliwsze nasze dni&#8221; Artorskopia weterynaryjna Ma\u0142oinwazyjne techniki operacji schorze\u0144 staw\u00f3w u zwierz\u0105t to du\u017co mniej cierpienia, kr\u00f3tszy czas rehabilitacji oraz pe\u0142na diagnostyka schorzenia. To co do tej pory by\u0142o zarezerwowane tylko dla cz\u0142owieka, teraz mo\u017cliwe jest u twojego pupila +48 600 077 788 Wieloletnie do\u015bwiadczenie lek.wet. Micha\u0142 nowicki Poznaj mnie da &hellip;<\/p>\n<p class=\"read-more\"> <a class=\"\" href=\"https:\/\/artroskopiawet.com\/\"> <span class=\"screen-reader-text\">Home<\/span> Read More &raquo;<\/a><\/p>\n","protected":false},"author":1,"featured_media":0,"parent":0,"menu_order":0,"comment_status":"closed","ping_status":"closed","template":"","meta":{"footnotes":""},"class_list":["post-86","page","type-page","status-publish","hentry"],"yoast_head":"<!-- This site is optimized with the Yoast SEO plugin v15.5 - https:\/\/yoast.com\/wordpress\/plugins\/seo\/ -->\n<title>Home - Artroskopia Weterynaryjna<\/title>\n<meta name=\"description\" content=\"Artroskopia to ma\u0142o inwazyjna, bezpieczna szybka metoda diagnozowania i leczenia chor\u00f3b staw\u00f3w.\" \/>\n<meta name=\"robots\" content=\"noindex, follow, max-snippet:-1, max-image-preview:large, max-video-preview:-1\" \/>\n<meta property=\"og:locale\" content=\"en_US\" \/>\n<meta property=\"og:type\" content=\"article\" \/>\n<meta property=\"og:title\" content=\"Home - Artroskopia Weterynaryjna\" \/>\n<meta property=\"og:description\" content=\"Artroskopia to ma\u0142o inwazyjna, bezpieczna szybka metoda diagnozowania i leczenia chor\u00f3b staw\u00f3w.\" \/>\n<meta property=\"og:url\" content=\"https:\/\/artroskopiawet.com\/\" \/>\n<meta property=\"og:site_name\" content=\"Artroskopia Weterynaryjna\" \/>\n<meta property=\"article:modified_time\" content=\"2020-12-06T21:55:19+00:00\" \/>\n<meta property=\"og:image\" content=\"http:\/\/artroskopiawet.com\/wp-content\/uploads\/2020\/01\/projects-04.jpg\" \/>\n<meta name=\"twitter:card\" content=\"summary_large_image\" \/>\n<meta name=\"twitter:label1\" content=\"Est. reading time\">\n\t<meta name=\"twitter:data1\" content=\"2 minutes\">\n<script type=\"application\/ld+json\" class=\"yoast-schema-graph\">{\"@context\":\"https:\/\/schema.org\",\"@graph\":[{\"@type\":\"Organization\",\"@id\":\"https:\/\/artroskopiawet.com\/#organization\",\"name\":\"vet4pet.pl\",\"url\":\"https:\/\/artroskopiawet.com\/\",\"sameAs\":[],\"logo\":{\"@type\":\"ImageObject\",\"@id\":\"https:\/\/artroskopiawet.com\/#logo\",\"inLanguage\":\"en-US\",\"url\":\"https:\/\/artroskopiawet.com\/wp-content\/uploads\/2020\/11\/Kaseton_proporcje.jpg\",\"width\":800,\"height\":460,\"caption\":\"vet4pet.pl\"},\"image\":{\"@id\":\"https:\/\/artroskopiawet.com\/#logo\"}},{\"@type\":\"WebSite\",\"@id\":\"https:\/\/artroskopiawet.com\/#website\",\"url\":\"https:\/\/artroskopiawet.com\/\",\"name\":\"Artroskopia Weterynaryjna\",\"description\":\"Ma\\u0142o inwazyjna metoda leczenia staw\\u00f3w u twojego pupila\",\"publisher\":{\"@id\":\"https:\/\/artroskopiawet.com\/#organization\"},\"potentialAction\":[{\"@type\":\"SearchAction\",\"target\":\"https:\/\/artroskopiawet.com\/?s={search_term_string}\",\"query-input\":\"required name=search_term_string\"}],\"inLanguage\":\"en-US\"},{\"@type\":\"ImageObject\",\"@id\":\"https:\/\/artroskopiawet.com\/#primaryimage\",\"inLanguage\":\"en-US\",\"url\":\"http:\/\/artroskopiawet.com\/wp-content\/uploads\/2020\/01\/projects-04.jpg\"},{\"@type\":\"WebPage\",\"@id\":\"https:\/\/artroskopiawet.com\/#webpage\",\"url\":\"https:\/\/artroskopiawet.com\/\",\"name\":\"Home - Artroskopia Weterynaryjna\",\"isPartOf\":{\"@id\":\"https:\/\/artroskopiawet.com\/#website\"},\"primaryImageOfPage\":{\"@id\":\"https:\/\/artroskopiawet.com\/#primaryimage\"},\"datePublished\":\"2018-10-09T09:14:55+00:00\",\"dateModified\":\"2020-12-06T21:55:19+00:00\",\"description\":\"Artroskopia to ma\\u0142o inwazyjna, bezpieczna szybka metoda diagnozowania i leczenia chor\\u00f3b staw\\u00f3w.\",\"inLanguage\":\"en-US\",\"potentialAction\":[{\"@type\":\"ReadAction\",\"target\":[\"https:\/\/artroskopiawet.com\/\"]}]}]}<\/script>\n<!-- \/ Yoast SEO plugin. -->","_links":{"self":[{"href":"https:\/\/artroskopiawet.com\/index.php\/wp-json\/wp\/v2\/pages\/86","targetHints":{"allow":["GET"]}}],"collection":[{"href":"https:\/\/artroskopiawet.com\/index.php\/wp-json\/wp\/v2\/pages"}],"about":[{"href":"https:\/\/artroskopiawet.com\/index.php\/wp-json\/wp\/v2\/types\/page"}],"author":[{"embeddable":true,"href":"https:\/\/artroskopiawet.com\/index.php\/wp-json\/wp\/v2\/users\/1"}],"replies":[{"embeddable":true,"href":"https:\/\/artroskopiawet.com\/index.php\/wp-json\/wp\/v2\/comments?post=86"}],"version-history":[{"count":20,"href":"https:\/\/artroskopiawet.com\/index.php\/wp-json\/wp\/v2\/pages\/86\/revisions"}],"predecessor-version":[{"id":367,"href":"https:\/\/artroskopiawet.com\/index.php\/wp-json\/wp\/v2\/pages\/86\/revisions\/367"}],"wp:attachment":[{"href":"https:\/\/artroskopiawet.com\/index.php\/wp-json\/wp\/v2\/media?parent=86"}],"curies":[{"name":"wp","href":"https:\/\/api.w.org\/{rel}","templated":true}]}}